e
Is 113145229 a composite number?
True
Is 52831111 prime?
False
Is 7613329 a prime number?
True
Is 278517383 a composite number?
True
Is 5550059 prime?
True
Is 378306101 a prime number?
False
Is 178762517 prime?
True
Is 190850633 a composite number?
False
Is 56992391 a composite number?
False
Is 1884713 prime?
True
Is 5234909 a prime number?
True
Is 125885849 a composite number?
True
Is 29855557 a prime number?
False
Is 5029103 prime?
True
Is 245227 a composite number?
True
Is 45342929 composite?
False
Is 4833937 prime?
True
Is 2570395 prime?
False
Is 3270913 composite?
False
Is 2200139 prime?
True
Is 41270245 prime?
False
Is 11647843 composite?
True
Is 648787 a composite number?
True
Is 14043611 composite?
False
Is 818033 a composite number?
True
Is 1064639 a composite number?
True
Is 28554199 a composite number?
False
Is 63636379 a composite number?
True
Is 20496643 composite?
False
Is 30947011 composite?
False
Is 1629353 composite?
True
Is 4129493 a prime number?
True
Is 154351567 a prime number?
False
Is 23077 a composite number?
True
Is 16406503 prime?
False
Is 6771119 prime?
True
Is 2079111 a prime number?
False
Is 1713661 composite?
True
Is 39963871 prime?
False
Is 44483783 a prime number?
False
Is 40066141 composite?
True
Is 185521403 a composite number?
False
Is 16044431 a prime number?
False
Is 50667173 composite?
False
Is 156459903 composite?
True
Is 14530379 a prime number?
False
Is 2693437 a prime number?
False
Is 1666843 prime?
True
Is 20646421 a composite number?
False
Is 52755029 prime?
False
Is 51334643 a prime number?
False
Is 8597821 composite?
False
Is 36969607 composite?
False
Is 329761 a composite number?
False
Is 10516427 composite?
True
Is 4719083 composite?
True
Is 2556113 a prime number?
False
Is 11893237 prime?
False
Is 75728833 a prime number?
True
Is 97661093 a prime number?
False
Is 176376171 prime?
False
Is 1724143 composite?
True
Is 31282357 a composite number?
True
Is 14042591 a composite number?
False
Is 16735889 a prime number?
True
Is 49005581 prime?
True
Is 13080761 a prime number?
False
Is 18638251 composite?
False
Is 110423647 a prime number?
False
Is 20283005 prime?
False
Is 19907977 a prime number?
False
Is 404836039 a prime number?
False
Is 29837173 composite?
True
Is 182265227 a composite number?
False
Is 329243521 a prime number?
True
Is 37116199 composite?
True
Is 61375051 a composite number?
True
Is 216493 a prime number?
True
Is 81699461 composite?
False
Is 59653819 prime?
True
Is 91657073 a prime number?
True
Is 13264519 a composite number?
False
Is 39456579 prime?
False
Is 326309 composite?
False
Is 342438077 composite?
True
Is 62054159 composite?
False
Is 4107347 prime?
True
Is 2332411 prime?
False
Is 594982897 a composite number?
False
Is 38125727 a prime number?
True
Is 95986117 a composite number?
False
Is 128003879 composite?
False
Is 580807 a prime number?
True
Is 6530309 a prime number?
True
Is 14061161 a prime number?
True
Is 19600621 a prime number?
False
Is 6396557 a composite number?
True
Is 748577383 a prime number?
True
Is 7883717 a prime number?
True
Is 276460003 prime?
True
Is 864863 composite?
True
Is 52077557 a prime number?
False
Is 11307587 prime?
False
Is 1548677 composite?
True
Is 118810517 prime?
False
Is 25247359 a composite number?
False
Is 78121811 a prime number?
True
Is 579092003 composite?
True
Is 273376322 a prime number?
False
Is 350537809 a prime number?
True
Is 294085229 a composite number?
False
Is 2749507 prime?
False
Is 508128707 a composite number?
True
Is 76397249 prime?
True
Is 1375091 prime?
True
Is 10286249 a composite number?
False
Is 618161 composite?
False
Is 43677761 prime?
True
Is 326721977 prime?
True
Is 26953639 a prime number?
False
Is 21721166 a prime number?
False
Is 5556379 prime?
False
Is 51128915 a composite number?
True
Is 50584661 a prime number?
False
Is 11575387 a composite number?
True
Is 213441609 a prime number?
False
Is 11378623 a prime number?
False
Is 10374937 a prime number?
True
Is 17553538 a prime number?
False
Is 20245 composite?
True
Is 122460857 prime?
True
Is 1330487 a prime number?
True
Is 51361 prime?
True
Is 135946117 a composite number?
False
Is 27201934 composite?
True
Is 8250787 a composite number?
False
Is 458968579 a prime number?
False
Is 148851887 a composite number?
False
Is 22826389 a composite number?
True
Is 757624591 a composite number?
True
Is 5056321 a composite number?
False
Is 8850241 a prime number?
False
Is 646519 prime?
True
Is 4209787 a prime number?
True
Is 35266087 composite?
False
Is 579475423 a composite number?
False
Is 3285013 a composite number?
True
Is 4994461 prime?
True
Is 5657441 a composite number?
False
Is 681221 a prime number?
True
Is 9090269 a prime number?
False
Is 191180047 a composite number?
False
Is 8615693 prime?
True
Is 489154091 prime?
True
Is 15844943 composite?
True
Is 368935627 a composite number?
False
Is 11179667 a composite number?
False
Is 20270023 a prime number?
False
Is 1280913 a prime number?
False
Is 222988237 a composite number?
True
Is 5338439 prime?
False
Is 733982759 prime?
False
Is 187347607 a composite number?
True
Is 21092207 prime?
True
Is 4059971 a composite number?
True
Is 131738829 a prime number?
False
Is 22221971 prime?
True
Is 3094955 a prime number?
False
Is 1778963 a prime number?
True
Is 18076637 a prime number?
False
Is 28645717 prime?
True
Is 39561051 composite?
True
Is 260371 a composite number?
True
Is 34437583 a composite number?
False
Is 1042571 a composite number?
False
Is 59916589 composite?
True
Is 324701213 composite?
True
Is 19473071 composite?
True
Is 12348313 prime?
True
Is 57834559 prime?
False
Is 1174231 composite?
False
Is 1578631 prime?
True
Is 14456315 a composite number?
True
Is 6164929 a composite number?
False
Is 65411039 composite?
False
Is 2190247 a composite number?
True
Is 32643911 a composite number?
True
Is 55774591 a prime number?
True
Is 154127 composite?
False
Is 56419882 composite?
True
Is 78198818 a composite number?
True
Is 512451931 composite?
False
Is 1229681 composite?
True
Is 6621623 composite?
True
Is 1734707 prime?
False
Is 3572819 prime?
True
Is 1122922 a prime number?
False
Is 5813281 a composite number?
False
Is 2795381 a composite number?
False
Is 5359721 a prime number?
True
Is 145388291 a prime number?
True
Is 28090021 prime?
True
Is 760953 a prime number?
False
Is 128934217 a composite number?
True
Is 31931167 a prime number?
True
Is 689239 composite?
True
Is 13643 a prime number?
False
Is 4209563 a prime number?
True
Is 2552245 a prime number?
False
Is 70051 prime?
True
Is 30096707 a prime number?
False
Is 9460561 composite?
True
Is 119526217 a prime number?
False
Is 55423283 composite?
False
Is 137668669 prime?
False
Is 1080731 a composite number?
True
Is 93029603 a composite number?
False
Is 77774737 a prime number?
True
Is 282257 a composite number?
True
Is 74183047 composite?
False
Is 10657811 composite?
True
Is 2057345 a prime number?
False
Is 105655883 a composite number?
True
Is 178743619 prime?
True
Is 67741 a prime number?
True
Is 2968699 composite?
True
Is 56666651 composite?
True
Is 40592465 composite?
True
Is 30419 prime?
False
Is 13969973 a prime number?
True
Is 9038098 a composite number?
True
Is 137916557 a composite number?
False
Is 80387179 prime?
True
Is 25353389 a composite number?
True
Is 83033891 a prime number?
True
Is 60471443 a composite number?
False
Is 3761249 prime?
False
Is 1633799 a prime number?
False
Is 1085366 prime?
False
Is 332391859 a prime number?
True
Is 69256471 prime?
False
Is 6656437 prime?
True
Is 11446849 a composite number?
False
Is 1106653 prime?
True
Is 73483723 a prime number?
True
Is 5632499 a prime number?
False
Is 3098971 composite?
True
Is 17348741 prime?
False
Is 33641501 composite?
False
Is 7866077 a prime number?
True
Is 53535037 a prime number?
False
Is 576643 a composite number?
True
Is 53269493 composite?
True
Is 303509 a composite number?
True
Is 8481061 composite?
True
Is 45665 a prime number?
False
Is 165499717 prime?
True
Is 11091449 prime?
True
Is 827243393 a prime number?
True
Is 1207099 composite?
True
Is 13600523 composite?
True
Is 453436867 composite?
True
Is 36465179 composite?
True
Is 25022819 prime?
True
Is 15810721 composite?
False
